{"id":14441,"date":"2025-10-16T13:22:46","date_gmt":"2025-10-16T13:22:46","guid":{"rendered":"https:\/\/coredevx.com\/site\/?page_id=14441"},"modified":"2025-10-16T13:28:59","modified_gmt":"2025-10-16T13:28:59","slug":"universidad-san-sebastian","status":"publish","type":"page","link":"https:\/\/coredevx.com\/site\/academy\/universidad-san-sebastian\/","title":{"rendered":"Universidad de la Frontera"},"content":{"rendered":"\t\t<div data-elementor-type=\"wp-page\" data-elementor-id=\"14441\" class=\"elementor elementor-14441\" data-elementor-post-type=\"page\">\n\t\t\t\t<div class=\"elementor-element elementor-element-5bd60ae e-flex e-con-boxed e-con e-parent\" data-id=\"5bd60ae\" data-element_type=\"container\" data-settings=\"{&quot;background_background&quot;:&quot;classic&quot;}\">\n\t\t\t\t\t<div class=\"e-con-inner\">\n\t\t<div class=\"elementor-element elementor-element-075e0a4 e-con-full e-flex e-con e-child\" data-id=\"075e0a4\" data-element_type=\"container\">\n\t\t\t\t<div class=\"elementor-element elementor-element-bad137c elementor-widget__width-initial elementor-widget-mobile__width-inherit elementor-widget elementor-widget-heading\" data-id=\"bad137c\" data-element_type=\"widget\" data-widget_type=\"heading.default\">\n\t\t\t\t<div class=\"elementor-widget-container\">\n\t\t\t\t\t<h1 class=\"elementor-heading-title elementor-size-default\">Universidad San Sebasti\u00e1n<\/h1>\t\t\t\t<\/div>\n\t\t\t\t<\/div>\n\t\t\t\t<div class=\"elementor-element elementor-element-bf8453e elementor-widget__width-initial elementor-widget-mobile__width-inherit elementor-widget elementor-widget-text-editor\" data-id=\"bf8453e\" data-element_type=\"widget\" data-widget_type=\"text-editor.default\">\n\t\t\t\t<div class=\"elementor-widget-container\">\n\t\t\t\t\t\t\t\t\t<p>Establecemos alianzas estrat\u00e9gicas para realizar investigaciones pioneras en \u00e1reas clave de la tecnolog\u00eda y la salud.<\/p>\t\t\t\t\t\t\t\t<\/div>\n\t\t\t\t<\/div>\n\t\t\t\t<\/div>\n\t\t\t\t\t<\/div>\n\t\t\t\t<\/div>\n\t\t<div class=\"elementor-element elementor-element-e9a1798 e-flex e-con-boxed e-con e-parent\" data-id=\"e9a1798\" data-element_type=\"container\">\n\t\t\t\t\t<div class=\"e-con-inner\">\n\t\t\t\t<div class=\"elementor-element elementor-element-8adaf2b elementor-widget elementor-widget-heading\" data-id=\"8adaf2b\" data-element_type=\"widget\" data-widget_type=\"heading.default\">\n\t\t\t\t<div class=\"elementor-widget-container\">\n\t\t\t\t\t<h3 class=\"elementor-heading-title elementor-size-default\">Convenio marco de cooperaci\u00f3n en I+D+i con<br>Facultad de Ciencias de la Rehabilitaci\u00f3n y Calidad de Vida<\/h3>\t\t\t\t<\/div>\n\t\t\t\t<\/div>\n\t\t<div class=\"elementor-element elementor-element-ef69f91 e-con-full e-flex e-con e-child\" data-id=\"ef69f91\" data-element_type=\"container\">\n\t\t<div class=\"elementor-element elementor-element-fafd173 e-con-full e-flex e-con e-child\" data-id=\"fafd173\" data-element_type=\"container\">\n\t\t\t\t<div class=\"elementor-element elementor-element-a4785f6 elementor-widget elementor-widget-image\" data-id=\"a4785f6\" data-element_type=\"widget\" data-widget_type=\"image.default\">\n\t\t\t\t<div class=\"elementor-widget-container\">\n\t\t\t\t\t\t\t\t\t\t\t\t\t\t\t<img fetchpriority=\"high\" decoding=\"async\" width=\"451\" height=\"178\" src=\"https:\/\/coredevx.com\/site\/wp-content\/uploads\/2025\/10\/usebastian-coredevx.png\" class=\"attachment-full size-full wp-image-14429\" alt=\"\" srcset=\"https:\/\/coredevx.com\/site\/wp-content\/uploads\/2025\/10\/usebastian-coredevx.png 451w, https:\/\/coredevx.com\/site\/wp-content\/uploads\/2025\/10\/usebastian-coredevx-300x118.png 300w\" sizes=\"(max-width: 451px) 100vw, 451px\" \/>\t\t\t\t\t\t\t\t\t\t\t\t\t\t\t<\/div>\n\t\t\t\t<\/div>\n\t\t\t\t<\/div>\n\t\t<div class=\"elementor-element elementor-element-0bbcb4a e-con-full e-flex e-con e-child\" data-id=\"0bbcb4a\" data-element_type=\"container\">\n\t\t\t\t<div class=\"elementor-element elementor-element-c40888d elementor-widget elementor-widget-text-editor\" data-id=\"c40888d\" data-element_type=\"widget\" data-widget_type=\"text-editor.default\">\n\t\t\t\t<div class=\"elementor-widget-container\">\n\t\t\t\t\t\t\t\t\t<p>El acuerdo con CoreDevX permite acelerar proyectos de investigaci\u00f3n e innovaci\u00f3n, ofrecer formaci\u00f3n avanzada a estudiantes y docentes, y fomentar la transferencia tecnol\u00f3gica en entornos reales, como cl\u00ednicas y centros de salud USS. Adem\u00e1s, contribuye a la creaci\u00f3n de nuevos perfiles profesionales en la intersecci\u00f3n entre salud y tecnolog\u00eda, impulsando el desarrollo cient\u00edfico y territorial con impacto social.<\/p>\t\t\t\t\t\t\t\t<\/div>\n\t\t\t\t<\/div>\n\t\t\t\t<\/div>\n\t\t\t\t<\/div>\n\t\t\t\t\t<\/div>\n\t\t\t\t<\/div>\n\t\t<div class=\"elementor-element elementor-element-2a7dc5b e-flex e-con-boxed e-con e-parent\" data-id=\"2a7dc5b\" data-element_type=\"container\">\n\t\t\t\t\t<div class=\"e-con-inner\">\n\t\t\t\t<div class=\"elementor-element elementor-element-4a409b6 elementor-widget elementor-widget-text-editor\" data-id=\"4a409b6\" data-element_type=\"widget\" data-widget_type=\"text-editor.default\">\n\t\t\t\t<div class=\"elementor-widget-container\">\n\t\t\t\t\t\t\t\t\t<p>Este 2025 la Facultad de Ciencias de la Rehabilitaci\u00f3n y Calidad de Vida (FCRCV)de la Universidad San Sebasti\u00e1n (USS) concret\u00f3 una alianza estrat\u00e9gica con CoreDevX y su laboratorio especializado en tecnolog\u00edas avanzadas (LABTAV), con el fin de fortalecer la investigaci\u00f3n y la innovaci\u00f3n (I+D+i) en salud y rehabilitaci\u00f3n.<\/p>\t\t\t\t\t\t\t\t<\/div>\n\t\t\t\t<\/div>\n\t\t\t\t<div class=\"elementor-element elementor-element-fe05f73 elementor-widget elementor-widget-image\" data-id=\"fe05f73\" data-element_type=\"widget\" data-widget_type=\"image.default\">\n\t\t\t\t<div class=\"elementor-widget-container\">\n\t\t\t\t\t\t\t\t\t\t\t\t\t\t\t<img decoding=\"async\" width=\"900\" height=\"600\" src=\"https:\/\/coredevx.com\/site\/wp-content\/uploads\/2025\/10\/Campus-cerrado_900x600.jpg\" class=\"attachment-full size-full wp-image-14443\" alt=\"\" srcset=\"https:\/\/coredevx.com\/site\/wp-content\/uploads\/2025\/10\/Campus-cerrado_900x600.jpg 900w, https:\/\/coredevx.com\/site\/wp-content\/uploads\/2025\/10\/Campus-cerrado_900x600-300x200.jpg 300w, https:\/\/coredevx.com\/site\/wp-content\/uploads\/2025\/10\/Campus-cerrado_900x600-768x512.jpg 768w, https:\/\/coredevx.com\/site\/wp-content\/uploads\/2025\/10\/Campus-cerrado_900x600-650x433.jpg 650w\" sizes=\"(max-width: 900px) 100vw, 900px\" \/>\t\t\t\t\t\t\t\t\t\t\t\t\t\t\t<\/div>\n\t\t\t\t<\/div>\n\t\t\t\t<div class=\"elementor-element elementor-element-8442de6 elementor-widget elementor-widget-text-editor\" data-id=\"8442de6\" data-element_type=\"widget\" data-widget_type=\"text-editor.default\">\n\t\t\t\t<div class=\"elementor-widget-container\">\n\t\t\t\t\t\t\t\t\t<p>El vicedecano de la Facultad de Ciencias de la Rehabilitaci\u00f3n y Calidad de Vida de la USS, Daniel Mart\u00ednez, explic\u00f3 que \u00abesta alianza nos abre acceso directo a know-how y tecnolog\u00eda de punta que busca complementar y acelerar varias de nuestras l\u00edneas de investigaci\u00f3n e innovaci\u00f3n en rehabilitaci\u00f3n\u00bb.<\/p>\n<p>Adicionalmente, este acuerdo fortalece las l\u00edneas de investigaci\u00f3n como IA generativa y visi\u00f3n computacional para an\u00e1lisis de resultados en rehabilitaci\u00f3n, rob\u00f3tica y dispositivos asistidos para terapias de apoyo y movilidad, simulaci\u00f3n cl\u00ednica, gemelos digitales y realidad aumentada\/virtual (AR\/VR), prototipado e impresi\u00f3n 3D y exploraci\u00f3n cu\u00e1ntica.<\/p>\n<p><\/p>\n<p>El convenio desarrollara proyectos que integren ciencia, pr\u00e1ctica cl\u00ednica y desaf\u00edos territoriales, en coherencia con el sello \u201c3-i\u201d de la facultad: Innovaci\u00f3n Tecnol\u00f3gica, Innovaci\u00f3n Social e Impacto Territorial.<\/p>\t\t\t\t\t\t\t\t<\/div>\n\t\t\t\t<\/div>\n\t\t\t\t\t<\/div>\n\t\t\t\t<\/div>\n\t\t<div class=\"elementor-element elementor-element-178f2a6 e-flex e-con-boxed e-con e-parent\" data-id=\"178f2a6\" data-element_type=\"container\">\n\t\t\t\t\t<div class=\"e-con-inner\">\n\t\t\t\t<div class=\"elementor-element elementor-element-e7e4785 elementor-widget elementor-widget-heading\" data-id=\"e7e4785\" data-element_type=\"widget\" data-widget_type=\"heading.default\">\n\t\t\t\t<div class=\"elementor-widget-container\">\n\t\t\t\t\t<h2 class=\"elementor-heading-title elementor-size-default\">Noticias relacionadas<\/h2>\t\t\t\t<\/div>\n\t\t\t\t<\/div>\n\t\t\t\t<div class=\"elementor-element elementor-element-4f09b97 elementor-grid-tablet-3 elementor-grid-3 elementor-grid-mobile-1 elementor-posts--thumbnail-top elementor-card-shadow-yes elementor-posts__hover-gradient elementor-widget elementor-widget-posts\" data-id=\"4f09b97\" data-element_type=\"widget\" data-settings=\"{&quot;cards_columns_tablet&quot;:&quot;3&quot;,&quot;cards_columns&quot;:&quot;3&quot;,&quot;cards_columns_mobile&quot;:&quot;1&quot;,&quot;cards_row_gap&quot;:{&quot;unit&quot;:&quot;px&quot;,&quot;size&quot;:35,&quot;sizes&quot;:[]},&quot;cards_row_gap_tablet&quot;:{&quot;unit&quot;:&quot;px&quot;,&quot;size&quot;:&quot;&quot;,&quot;sizes&quot;:[]},&quot;cards_row_gap_mobile&quot;:{&quot;unit&quot;:&quot;px&quot;,&quot;size&quot;:&quot;&quot;,&quot;sizes&quot;:[]}}\" data-widget_type=\"posts.cards\">\n\t\t\t\t<div class=\"elementor-widget-container\">\n\t\t\t\t\t\t\t<div class=\"elementor-posts-container elementor-posts elementor-posts--skin-cards elementor-grid\" role=\"list\">\n\t\t\t\t<article class=\"elementor-post elementor-grid-item post-14459 post type-post status-publish format-standard has-post-thumbnail hentry category-academy\" role=\"listitem\">\n\t\t\t<div class=\"elementor-post__card\">\n\t\t\t\t<a class=\"elementor-post__thumbnail__link\" href=\"https:\/\/coredevx.com\/site\/acuerdo-de-colaboracion-uss\/\" tabindex=\"-1\" ><div class=\"elementor-post__thumbnail\"><img decoding=\"async\" width=\"300\" height=\"240\" src=\"https:\/\/coredevx.com\/site\/wp-content\/uploads\/2025\/10\/1760549662044-300x240.jpeg\" class=\"attachment-medium size-medium wp-image-14465\" alt=\"\" srcset=\"https:\/\/coredevx.com\/site\/wp-content\/uploads\/2025\/10\/1760549662044-300x240.jpeg 300w, https:\/\/coredevx.com\/site\/wp-content\/uploads\/2025\/10\/1760549662044-1024x819.jpeg 1024w, https:\/\/coredevx.com\/site\/wp-content\/uploads\/2025\/10\/1760549662044-768x614.jpeg 768w, https:\/\/coredevx.com\/site\/wp-content\/uploads\/2025\/10\/1760549662044-1536x1229.jpeg 1536w, https:\/\/coredevx.com\/site\/wp-content\/uploads\/2025\/10\/1760549662044-650x520.jpeg 650w, https:\/\/coredevx.com\/site\/wp-content\/uploads\/2025\/10\/1760549662044.jpeg 1920w\" sizes=\"(max-width: 300px) 100vw, 300px\" \/><\/div><\/a>\n\t\t\t\t<div class=\"elementor-post__badge\">Academy<\/div>\n\t\t\t\t<div class=\"elementor-post__text\">\n\t\t\t\t<h3 class=\"elementor-post__title\">\n\t\t\t<a href=\"https:\/\/coredevx.com\/site\/acuerdo-de-colaboracion-uss\/\" >\n\t\t\t\tAcuerdo de colaboraci\u00f3n Universidad San Sebasti\u00e1n\t\t\t<\/a>\n\t\t<\/h3>\n\t\t\n\t\t<a class=\"elementor-post__read-more\" href=\"https:\/\/coredevx.com\/site\/acuerdo-de-colaboracion-uss\/\" aria-label=\"M\u00e1s informaci\u00f3n sobre Acuerdo de colaboraci\u00f3n Universidad San Sebasti\u00e1n\" tabindex=\"-1\" >\n\t\t\tVer m\u00e1s \u00bb\t\t<\/a>\n\n\t\t\t\t<\/div>\n\t\t\t\t<div class=\"elementor-post__meta-data\">\n\t\t\t\t\t<span class=\"elementor-post-date\">\n\t\t\toctubre 16, 2025\t\t<\/span>\n\t\t\t\t<\/div>\n\t\t\t\t\t<\/div>\n\t\t<\/article>\n\t\t\t\t<article class=\"elementor-post elementor-grid-item post-12645 post type-post status-publish format-standard has-post-thumbnail hentry category-academy category-usach\" role=\"listitem\">\n\t\t\t<div class=\"elementor-post__card\">\n\t\t\t\t<a class=\"elementor-post__thumbnail__link\" href=\"https:\/\/coredevx.com\/site\/acuerdo-de-colaboracion-usach\/\" tabindex=\"-1\" ><div class=\"elementor-post__thumbnail\"><img loading=\"lazy\" decoding=\"async\" width=\"300\" height=\"200\" src=\"https:\/\/coredevx.com\/site\/wp-content\/uploads\/2024\/08\/usach-web-300x200.png\" class=\"attachment-medium size-medium wp-image-12648\" alt=\"\" srcset=\"https:\/\/coredevx.com\/site\/wp-content\/uploads\/2024\/08\/usach-web-300x200.png 300w, https:\/\/coredevx.com\/site\/wp-content\/uploads\/2024\/08\/usach-web-768x512.png 768w, https:\/\/coredevx.com\/site\/wp-content\/uploads\/2024\/08\/usach-web-650x433.png 650w, https:\/\/coredevx.com\/site\/wp-content\/uploads\/2024\/08\/usach-web.png 800w\" sizes=\"(max-width: 300px) 100vw, 300px\" \/><\/div><\/a>\n\t\t\t\t<div class=\"elementor-post__badge\">Academy<\/div>\n\t\t\t\t<div class=\"elementor-post__text\">\n\t\t\t\t<h3 class=\"elementor-post__title\">\n\t\t\t<a href=\"https:\/\/coredevx.com\/site\/acuerdo-de-colaboracion-usach\/\" >\n\t\t\t\tAcuerdo de colaboraci\u00f3n USACH\t\t\t<\/a>\n\t\t<\/h3>\n\t\t\n\t\t<a class=\"elementor-post__read-more\" href=\"https:\/\/coredevx.com\/site\/acuerdo-de-colaboracion-usach\/\" aria-label=\"M\u00e1s informaci\u00f3n sobre Acuerdo de colaboraci\u00f3n USACH\" tabindex=\"-1\" >\n\t\t\tVer m\u00e1s \u00bb\t\t<\/a>\n\n\t\t\t\t<\/div>\n\t\t\t\t<div class=\"elementor-post__meta-data\">\n\t\t\t\t\t<span class=\"elementor-post-date\">\n\t\t\tagosto 19, 2024\t\t<\/span>\n\t\t\t\t<\/div>\n\t\t\t\t\t<\/div>\n\t\t<\/article>\n\t\t\t\t<article class=\"elementor-post elementor-grid-item post-12620 post type-post status-publish format-standard has-post-thumbnail hentry category-academy category-ucn\" role=\"listitem\">\n\t\t\t<div class=\"elementor-post__card\">\n\t\t\t\t<a class=\"elementor-post__thumbnail__link\" href=\"https:\/\/coredevx.com\/site\/visita-comitiva-ucn\/\" tabindex=\"-1\" ><div class=\"elementor-post__thumbnail\"><img loading=\"lazy\" decoding=\"async\" width=\"300\" height=\"224\" src=\"https:\/\/coredevx.com\/site\/wp-content\/uploads\/2024\/07\/IMG_9626-e1722374854664-300x224.jpg\" class=\"attachment-medium size-medium wp-image-12621\" alt=\"\" srcset=\"https:\/\/coredevx.com\/site\/wp-content\/uploads\/2024\/07\/IMG_9626-e1722374854664-300x224.jpg 300w, https:\/\/coredevx.com\/site\/wp-content\/uploads\/2024\/07\/IMG_9626-e1722374854664-768x573.jpg 768w, https:\/\/coredevx.com\/site\/wp-content\/uploads\/2024\/07\/IMG_9626-e1722374854664-1024x765.jpg 1024w, https:\/\/coredevx.com\/site\/wp-content\/uploads\/2024\/07\/IMG_9626-e1722374854664-1536x1147.jpg 1536w, https:\/\/coredevx.com\/site\/wp-content\/uploads\/2024\/07\/IMG_9626-e1722374854664-2048x1529.jpg 2048w, https:\/\/coredevx.com\/site\/wp-content\/uploads\/2024\/07\/IMG_9626-e1722374854664-650x485.jpg 650w\" sizes=\"(max-width: 300px) 100vw, 300px\" \/><\/div><\/a>\n\t\t\t\t<div class=\"elementor-post__badge\">Academy<\/div>\n\t\t\t\t<div class=\"elementor-post__text\">\n\t\t\t\t<h3 class=\"elementor-post__title\">\n\t\t\t<a href=\"https:\/\/coredevx.com\/site\/visita-comitiva-ucn\/\" >\n\t\t\t\tVisita comitiva de la Universidad Cat\u00f3lica del Norte\t\t\t<\/a>\n\t\t<\/h3>\n\t\t\n\t\t<a class=\"elementor-post__read-more\" href=\"https:\/\/coredevx.com\/site\/visita-comitiva-ucn\/\" aria-label=\"M\u00e1s informaci\u00f3n sobre Visita comitiva de la Universidad Cat\u00f3lica del Norte\" tabindex=\"-1\" >\n\t\t\tVer m\u00e1s \u00bb\t\t<\/a>\n\n\t\t\t\t<\/div>\n\t\t\t\t<div class=\"elementor-post__meta-data\">\n\t\t\t\t\t<span class=\"elementor-post-date\">\n\t\t\tjulio 30, 2024\t\t<\/span>\n\t\t\t\t<\/div>\n\t\t\t\t\t<\/div>\n\t\t<\/article>\n\t\t\t\t<\/div>\n\t\t\n\t\t\t\t\t\t<\/div>\n\t\t\t\t<\/div>\n\t\t\t\t\t<\/div>\n\t\t\t\t<\/div>\n\t\t\t\t<\/div>\n\t\t","protected":false},"excerpt":{"rendered":"<p>Universidad San Sebasti\u00e1n Establecemos alianzas estrat\u00e9gicas para realizar investigaciones pioneras en \u00e1reas clave de la tecnolog\u00eda y la salud. Convenio marco de<\/p>\n","protected":false},"author":4,"featured_media":0,"parent":10618,"menu_order":0,"comment_status":"closed","ping_status":"closed","template":"","meta":{"footnotes":""},"class_list":["post-14441","page","type-page","status-publish","hentry"],"yoast_head":"<!-- This site is optimized with the Yoast SEO Premium plugin v26.6 (Yoast SEO v27.3) - https:\/\/yoast.com\/product\/yoast-seo-premium-wordpress\/ -->\n<title>Universidad de la Frontera - coreDevX<\/title>\n<meta name=\"robots\" content=\"index, follow, max-snippet:-1, max-image-preview:large, max-video-preview:-1\" \/>\n<link rel=\"canonical\" href=\"https:\/\/coredevx.com\/site\/academy\/universidad-san-sebastian\/\" \/>\n<meta property=\"og:locale\" content=\"es_ES\" \/>\n<meta property=\"og:type\" content=\"article\" \/>\n<meta property=\"og:title\" content=\"Universidad de la Frontera\" \/>\n<meta property=\"og:description\" content=\"Universidad San Sebasti\u00e1n Establecemos alianzas estrat\u00e9gicas para realizar investigaciones pioneras en \u00e1reas clave de la tecnolog\u00eda y la salud. Convenio marco de\" \/>\n<meta property=\"og:url\" content=\"https:\/\/coredevx.com\/site\/academy\/universidad-san-sebastian\/\" \/>\n<meta property=\"og:site_name\" content=\"coreDevX\" \/>\n<meta property=\"article:publisher\" content=\"https:\/\/www.facebook.com\/coredevxspa\" \/>\n<meta property=\"article:modified_time\" content=\"2025-10-16T13:28:59+00:00\" \/>\n<meta property=\"og:image\" content=\"https:\/\/coredevx.com\/site\/wp-content\/uploads\/2025\/10\/usebastian-coredevx.png\" \/>\n<meta name=\"twitter:card\" content=\"summary_large_image\" \/>\n<meta name=\"twitter:site\" content=\"@coredevx\" \/>\n<meta name=\"twitter:label1\" content=\"Tiempo de lectura\" \/>\n\t<meta name=\"twitter:data1\" content=\"2 minutos\" \/>\n<script type=\"application\/ld+json\" class=\"yoast-schema-graph\">{\"@context\":\"https:\\\/\\\/schema.org\",\"@graph\":[{\"@type\":\"WebPage\",\"@id\":\"https:\\\/\\\/coredevx.com\\\/site\\\/academy\\\/universidad-san-sebastian\\\/\",\"url\":\"https:\\\/\\\/coredevx.com\\\/site\\\/academy\\\/universidad-san-sebastian\\\/\",\"name\":\"Universidad de la Frontera - coreDevX\",\"isPartOf\":{\"@id\":\"https:\\\/\\\/coredevx.com\\\/site\\\/#website\"},\"primaryImageOfPage\":{\"@id\":\"https:\\\/\\\/coredevx.com\\\/site\\\/academy\\\/universidad-san-sebastian\\\/#primaryimage\"},\"image\":{\"@id\":\"https:\\\/\\\/coredevx.com\\\/site\\\/academy\\\/universidad-san-sebastian\\\/#primaryimage\"},\"thumbnailUrl\":\"https:\\\/\\\/coredevx.com\\\/site\\\/wp-content\\\/uploads\\\/2025\\\/10\\\/usebastian-coredevx.png\",\"datePublished\":\"2025-10-16T13:22:46+00:00\",\"dateModified\":\"2025-10-16T13:28:59+00:00\",\"breadcrumb\":{\"@id\":\"https:\\\/\\\/coredevx.com\\\/site\\\/academy\\\/universidad-san-sebastian\\\/#breadcrumb\"},\"inLanguage\":\"es\",\"potentialAction\":[{\"@type\":\"ReadAction\",\"target\":[\"https:\\\/\\\/coredevx.com\\\/site\\\/academy\\\/universidad-san-sebastian\\\/\"]}]},{\"@type\":\"ImageObject\",\"inLanguage\":\"es\",\"@id\":\"https:\\\/\\\/coredevx.com\\\/site\\\/academy\\\/universidad-san-sebastian\\\/#primaryimage\",\"url\":\"https:\\\/\\\/coredevx.com\\\/site\\\/wp-content\\\/uploads\\\/2025\\\/10\\\/usebastian-coredevx.png\",\"contentUrl\":\"https:\\\/\\\/coredevx.com\\\/site\\\/wp-content\\\/uploads\\\/2025\\\/10\\\/usebastian-coredevx.png\",\"width\":451,\"height\":178},{\"@type\":\"BreadcrumbList\",\"@id\":\"https:\\\/\\\/coredevx.com\\\/site\\\/academy\\\/universidad-san-sebastian\\\/#breadcrumb\",\"itemListElement\":[{\"@type\":\"ListItem\",\"position\":1,\"name\":\"Portada\",\"item\":\"https:\\\/\\\/coredevx.com\\\/site\\\/\"},{\"@type\":\"ListItem\",\"position\":2,\"name\":\"Academy\",\"item\":\"https:\\\/\\\/coredevx.com\\\/site\\\/academy\\\/\"},{\"@type\":\"ListItem\",\"position\":3,\"name\":\"Universidad de la Frontera\"}]},{\"@type\":\"WebSite\",\"@id\":\"https:\\\/\\\/coredevx.com\\\/site\\\/#website\",\"url\":\"https:\\\/\\\/coredevx.com\\\/site\\\/\",\"name\":\"coreDevX\",\"description\":\"Consultora y Centro de Investigaci\u00f3n\",\"publisher\":{\"@id\":\"https:\\\/\\\/coredevx.com\\\/site\\\/#organization\"},\"potentialAction\":[{\"@type\":\"SearchAction\",\"target\":{\"@type\":\"EntryPoint\",\"urlTemplate\":\"https:\\\/\\\/coredevx.com\\\/site\\\/?s={search_term_string}\"},\"query-input\":{\"@type\":\"PropertyValueSpecification\",\"valueRequired\":true,\"valueName\":\"search_term_string\"}}],\"inLanguage\":\"es\"},{\"@type\":\"Organization\",\"@id\":\"https:\\\/\\\/coredevx.com\\\/site\\\/#organization\",\"name\":\"Consultora y Centro de Investigacion COREDEVX SpA\",\"alternateName\":\"COREDEVX\",\"url\":\"https:\\\/\\\/coredevx.com\\\/site\\\/\",\"logo\":{\"@type\":\"ImageObject\",\"inLanguage\":\"es\",\"@id\":\"https:\\\/\\\/coredevx.com\\\/site\\\/#\\\/schema\\\/logo\\\/image\\\/\",\"url\":\"https:\\\/\\\/coredevx.com\\\/site\\\/wp-content\\\/uploads\\\/2023\\\/05\\\/COREDEVX-logo.svg\",\"contentUrl\":\"https:\\\/\\\/coredevx.com\\\/site\\\/wp-content\\\/uploads\\\/2023\\\/05\\\/COREDEVX-logo.svg\",\"width\":\"1024\",\"height\":\"1024\",\"caption\":\"Consultora y Centro de Investigacion COREDEVX SpA\"},\"image\":{\"@id\":\"https:\\\/\\\/coredevx.com\\\/site\\\/#\\\/schema\\\/logo\\\/image\\\/\"},\"sameAs\":[\"https:\\\/\\\/www.facebook.com\\\/coredevxspa\",\"https:\\\/\\\/x.com\\\/coredevx\",\"https:\\\/\\\/www.instagram.com\\\/coredevx\\\/\",\"https:\\\/\\\/www.linkedin.com\\\/company\\\/consultora-&-centro-de-investigacin-coredevx-spa\\\/?trk=prof-following-company-logo\"]}]}<\/script>\n<!-- \/ Yoast SEO Premium plugin. -->","yoast_head_json":{"title":"Universidad de la Frontera - coreDevX","robots":{"index":"index","follow":"follow","max-snippet":"max-snippet:-1","max-image-preview":"max-image-preview:large","max-video-preview":"max-video-preview:-1"},"canonical":"https:\/\/coredevx.com\/site\/academy\/universidad-san-sebastian\/","og_locale":"es_ES","og_type":"article","og_title":"Universidad de la Frontera","og_description":"Universidad San Sebasti\u00e1n Establecemos alianzas estrat\u00e9gicas para realizar investigaciones pioneras en \u00e1reas clave de la tecnolog\u00eda y la salud. Convenio marco de","og_url":"https:\/\/coredevx.com\/site\/academy\/universidad-san-sebastian\/","og_site_name":"coreDevX","article_publisher":"https:\/\/www.facebook.com\/coredevxspa","article_modified_time":"2025-10-16T13:28:59+00:00","og_image":[{"url":"https:\/\/coredevx.com\/site\/wp-content\/uploads\/2025\/10\/usebastian-coredevx.png","type":"","width":"","height":""}],"twitter_card":"summary_large_image","twitter_site":"@coredevx","twitter_misc":{"Tiempo de lectura":"2 minutos"},"schema":{"@context":"https:\/\/schema.org","@graph":[{"@type":"WebPage","@id":"https:\/\/coredevx.com\/site\/academy\/universidad-san-sebastian\/","url":"https:\/\/coredevx.com\/site\/academy\/universidad-san-sebastian\/","name":"Universidad de la Frontera - coreDevX","isPartOf":{"@id":"https:\/\/coredevx.com\/site\/#website"},"primaryImageOfPage":{"@id":"https:\/\/coredevx.com\/site\/academy\/universidad-san-sebastian\/#primaryimage"},"image":{"@id":"https:\/\/coredevx.com\/site\/academy\/universidad-san-sebastian\/#primaryimage"},"thumbnailUrl":"https:\/\/coredevx.com\/site\/wp-content\/uploads\/2025\/10\/usebastian-coredevx.png","datePublished":"2025-10-16T13:22:46+00:00","dateModified":"2025-10-16T13:28:59+00:00","breadcrumb":{"@id":"https:\/\/coredevx.com\/site\/academy\/universidad-san-sebastian\/#breadcrumb"},"inLanguage":"es","potentialAction":[{"@type":"ReadAction","target":["https:\/\/coredevx.com\/site\/academy\/universidad-san-sebastian\/"]}]},{"@type":"ImageObject","inLanguage":"es","@id":"https:\/\/coredevx.com\/site\/academy\/universidad-san-sebastian\/#primaryimage","url":"https:\/\/coredevx.com\/site\/wp-content\/uploads\/2025\/10\/usebastian-coredevx.png","contentUrl":"https:\/\/coredevx.com\/site\/wp-content\/uploads\/2025\/10\/usebastian-coredevx.png","width":451,"height":178},{"@type":"BreadcrumbList","@id":"https:\/\/coredevx.com\/site\/academy\/universidad-san-sebastian\/#breadcrumb","itemListElement":[{"@type":"ListItem","position":1,"name":"Portada","item":"https:\/\/coredevx.com\/site\/"},{"@type":"ListItem","position":2,"name":"Academy","item":"https:\/\/coredevx.com\/site\/academy\/"},{"@type":"ListItem","position":3,"name":"Universidad de la Frontera"}]},{"@type":"WebSite","@id":"https:\/\/coredevx.com\/site\/#website","url":"https:\/\/coredevx.com\/site\/","name":"coreDevX","description":"Consultora y Centro de Investigaci\u00f3n","publisher":{"@id":"https:\/\/coredevx.com\/site\/#organization"},"potentialAction":[{"@type":"SearchAction","target":{"@type":"EntryPoint","urlTemplate":"https:\/\/coredevx.com\/site\/?s={search_term_string}"},"query-input":{"@type":"PropertyValueSpecification","valueRequired":true,"valueName":"search_term_string"}}],"inLanguage":"es"},{"@type":"Organization","@id":"https:\/\/coredevx.com\/site\/#organization","name":"Consultora y Centro de Investigacion COREDEVX SpA","alternateName":"COREDEVX","url":"https:\/\/coredevx.com\/site\/","logo":{"@type":"ImageObject","inLanguage":"es","@id":"https:\/\/coredevx.com\/site\/#\/schema\/logo\/image\/","url":"https:\/\/coredevx.com\/site\/wp-content\/uploads\/2023\/05\/COREDEVX-logo.svg","contentUrl":"https:\/\/coredevx.com\/site\/wp-content\/uploads\/2023\/05\/COREDEVX-logo.svg","width":"1024","height":"1024","caption":"Consultora y Centro de Investigacion COREDEVX SpA"},"image":{"@id":"https:\/\/coredevx.com\/site\/#\/schema\/logo\/image\/"},"sameAs":["https:\/\/www.facebook.com\/coredevxspa","https:\/\/x.com\/coredevx","https:\/\/www.instagram.com\/coredevx\/","https:\/\/www.linkedin.com\/company\/consultora-&-centro-de-investigacin-coredevx-spa\/?trk=prof-following-company-logo"]}]}},"_links":{"self":[{"href":"https:\/\/coredevx.com\/site\/wp-json\/wp\/v2\/pages\/14441","targetHints":{"allow":["GET"]}}],"collection":[{"href":"https:\/\/coredevx.com\/site\/wp-json\/wp\/v2\/pages"}],"about":[{"href":"https:\/\/coredevx.com\/site\/wp-json\/wp\/v2\/types\/page"}],"author":[{"embeddable":true,"href":"https:\/\/coredevx.com\/site\/wp-json\/wp\/v2\/users\/4"}],"replies":[{"embeddable":true,"href":"https:\/\/coredevx.com\/site\/wp-json\/wp\/v2\/comments?post=14441"}],"version-history":[{"count":11,"href":"https:\/\/coredevx.com\/site\/wp-json\/wp\/v2\/pages\/14441\/revisions"}],"predecessor-version":[{"id":14454,"href":"https:\/\/coredevx.com\/site\/wp-json\/wp\/v2\/pages\/14441\/revisions\/14454"}],"up":[{"embeddable":true,"href":"https:\/\/coredevx.com\/site\/wp-json\/wp\/v2\/pages\/10618"}],"wp:attachment":[{"href":"https:\/\/coredevx.com\/site\/wp-json\/wp\/v2\/media?parent=14441"}],"curies":[{"name":"wp","href":"https:\/\/api.w.org\/{rel}","templated":true}]}}